[INFO] fetching crate trust-graph 0.0.1...
[INFO] checking trust-graph-0.0.1 against master#af3c6e733a40e671550e0f0f5aeecaa13772ba56 for pr-74989
[INFO] extracting crate trust-graph 0.0.1 into /workspace/builds/worker-6/source
[INFO] validating manifest of crates.io crate trust-graph 0.0.1 on toolchain af3c6e733a40e671550e0f0f5aeecaa13772ba56
[INFO] running `Command { std: "/workspace/cargo-home/bin/cargo" "+af3c6e733a40e671550e0f0f5aeecaa13772ba56" "read-manifest" "--manifest-path" "Cargo.toml", kill_on_drop: false }`
[INFO] started tweaking crates.io crate trust-graph 0.0.1
[INFO] finished tweaking crates.io crate trust-graph 0.0.1
[INFO] tweaked toml for crates.io crate trust-graph 0.0.1 written to /workspace/builds/worker-6/source/Cargo.toml
[INFO] running `Command { std: "/workspace/cargo-home/bin/cargo" "+af3c6e733a40e671550e0f0f5aeecaa13772ba56" "generate-lockfile" "--manifest-path" "Cargo.toml" "-Zno-index-update", kill_on_drop: false }`
[INFO] running `Command { std: "/workspace/cargo-home/bin/cargo" "+af3c6e733a40e671550e0f0f5aeecaa13772ba56" "fetch" "--locked" "--manifest-path" "Cargo.toml", kill_on_drop: false }`
[INFO] running `Command { std: "docker" "create" "-v" "/var/lib/crater-agent-workspace/builds/worker-6/target:/opt/rustwide/target:rw,Z" "-v" "/var/lib/crater-agent-workspace/builds/worker-6/source:/opt/rustwide/workdir:ro,Z" "-v" "/var/lib/crater-agent-workspace/cargo-home:/opt/rustwide/cargo-home:ro,Z" "-v" "/var/lib/crater-agent-workspace/rustup-home:/opt/rustwide/rustup-home:ro,Z" "-e" "SOURCE_DIR=/opt/rustwide/workdir" "-e" "CARGO_TARGET_DIR=/opt/rustwide/target" "-e" "CARGO_HOME=/opt/rustwide/cargo-home" "-e" "RUSTUP_HOME=/opt/rustwide/rustup-home" "-w" "/opt/rustwide/workdir" "-m" "1610612736" "--user" "0:0" "--network" "none" "rustops/crates-build-env@sha256:d92eaeed33fa75130ca1ee6c8a01d1ffb62bac859dfdfb3450e3e5d1c0146529" "/opt/rustwide/cargo-home/bin/cargo" "+af3c6e733a40e671550e0f0f5aeecaa13772ba56" "metadata" "--no-deps" "--format-version=1", kill_on_drop: false }`
[INFO] [stdout] be0e9956a2caa9a5bc06345084f982a850fac0a89ce37ffacfea47b3ee3ba007
[INFO] [stderr] WARNING: Your kernel does not support swap limit capabilities or the cgroup is not mounted. Memory limited without swap.
[INFO] running `Command { std: "docker" "start" "-a" "be0e9956a2caa9a5bc06345084f982a850fac0a89ce37ffacfea47b3ee3ba007", kill_on_drop: false }`
[INFO] running `Command { std: "docker" "inspect" "be0e9956a2caa9a5bc06345084f982a850fac0a89ce37ffacfea47b3ee3ba007", kill_on_drop: false }`
[INFO] running `Command { std: "docker" "rm" "-f" "be0e9956a2caa9a5bc06345084f982a850fac0a89ce37ffacfea47b3ee3ba007", kill_on_drop: false }`
[INFO] [stdout] be0e9956a2caa9a5bc06345084f982a850fac0a89ce37ffacfea47b3ee3ba007
[INFO] running `Command { std: "docker" "create" "-v" "/var/lib/crater-agent-workspace/builds/worker-6/target:/opt/rustwide/target:rw,Z" "-v" "/var/lib/crater-agent-workspace/builds/worker-6/source:/opt/rustwide/workdir:ro,Z" "-v" "/var/lib/crater-agent-workspace/cargo-home:/opt/rustwide/cargo-home:ro,Z" "-v" "/var/lib/crater-agent-workspace/rustup-home:/opt/rustwide/rustup-home:ro,Z" "-e" "SOURCE_DIR=/opt/rustwide/workdir" "-e" "CARGO_TARGET_DIR=/opt/rustwide/target" "-e" "CARGO_INCREMENTAL=0" "-e" "RUST_BACKTRACE=full" "-e" "RUSTFLAGS=--cap-lints=forbid" "-e" "CARGO_HOME=/opt/rustwide/cargo-home" "-e" "RUSTUP_HOME=/opt/rustwide/rustup-home" "-w" "/opt/rustwide/workdir" "-m" "1610612736" "--user" "0:0" "--network" "none" "rustops/crates-build-env@sha256:d92eaeed33fa75130ca1ee6c8a01d1ffb62bac859dfdfb3450e3e5d1c0146529" "/opt/rustwide/cargo-home/bin/cargo" "+af3c6e733a40e671550e0f0f5aeecaa13772ba56" "check" "--frozen" "--all" "--all-targets" "--message-format=json", kill_on_drop: false }`
[INFO] [stdout] 24d0f9d8629397cc99809767016ee0a189a597e2e02c49ce8c439a8f82922f31
[INFO] [stderr] WARNING: Your kernel does not support swap limit capabilities or the cgroup is not mounted. Memory limited without swap.
[INFO] running `Command { std: "docker" "start" "-a" "24d0f9d8629397cc99809767016ee0a189a597e2e02c49ce8c439a8f82922f31", kill_on_drop: false }`
[INFO] [stderr]     Blocking waiting for file lock on package cache
[INFO] [stderr]    Compiling libc v0.2.77
[INFO] [stderr]    Compiling proc-macro2 v1.0.21
[INFO] [stderr]    Compiling unicode-xid v0.2.1
[INFO] [stderr]     Checking cfg-if v0.1.10
[INFO] [stderr]    Compiling getrandom v0.1.15
[INFO] [stderr]    Compiling memchr v2.3.3
[INFO] [stderr]    Compiling either v1.6.0
[INFO] [stderr]    Compiling pin-project-internal v0.4.23
[INFO] [stderr]     Checking subtle v1.0.0
[INFO] [stderr]    Compiling autocfg v1.0.1
[INFO] [stderr]     Checking ppv-lite86 v0.2.9
[INFO] [stderr]    Compiling serde_derive v1.0.116
[INFO] [stderr]    Compiling serde v1.0.116
[INFO] [stderr]     Checking once_cell v1.4.1
[INFO] [stderr]     Checking futures-core v0.3.5
[INFO] [stderr]     Checking futures-sink v0.3.5
[INFO] [stderr]     Checking tinyvec v0.3.4
[INFO] [stderr]    Compiling remove_dir_all v0.5.3
[INFO] [stderr]     Checking bytes v0.5.6
[INFO] [stderr]     Checking lazy_static v1.4.0
[INFO] [stderr]     Checking adler v0.2.3
[INFO] [stderr]     Checking gimli v0.22.0
[INFO] [stderr]     Checking unsigned-varint v0.3.3
[INFO] [stderr]    Compiling failure_derive v0.1.8
[INFO] [stderr]     Checking keccak v0.1.0
[INFO] [stderr]     Checking rustc-demangle v0.1.16
[INFO] [stderr]     Checking opaque-debug v0.3.0
[INFO] [stderr]     Checking static_assertions v1.1.0
[INFO] [stderr]     Checking object v0.20.0
[INFO] [stderr]     Checking cpuid-bool v0.1.2
[INFO] [stderr]    Compiling ryu v1.0.5
[INFO] [stderr]     Checking scopeguard v1.1.0
[INFO] [stderr]     Checking untrusted v0.7.1
[INFO] [stderr]    Compiling serde_json v1.0.57
[INFO] [stderr]     Checking regex-syntax v0.6.18
[INFO] [stderr]     Checking void v1.0.2
[INFO] [stderr]     Checking itoa v0.4.6
[INFO] [stderr]     Checking futures-timer v3.0.2
[INFO] [stderr]     Checking base64 v0.11.0
[INFO] [stderr]    Compiling generic-array v0.14.4
[INFO] [stderr]    Compiling itertools v0.8.2
[INFO] [stderr]    Compiling ring v0.16.15
[INFO] [stderr]     Checking futures-channel v0.3.5
[INFO] [stderr]     Checking futures-task v0.3.5
[INFO] [stderr]     Checking miniz_oxide v0.4.1
[INFO] [stderr]     Checking thread_local v1.0.1
[INFO] [stderr]     Checking unicode-normalization v0.1.13
[INFO] [stderr]     Checking ed25519 v1.0.2
[INFO] [stderr]     Checking lock_api v0.3.4
[INFO] [stderr]    Compiling indexmap v1.6.0
[INFO] [stderr]     Checking log v0.4.11
[INFO] [stderr]    Compiling anyhow v1.0.32
[INFO] [stderr]     Checking itertools v0.9.0
[INFO] [stderr]     Checking crypto-mac v0.7.0
[INFO] [stderr]     Checking block-buffer v0.7.3
[INFO] [stderr]     Checking aho-corasick v0.7.13
[INFO] [stderr]     Checking hmac v0.7.1
[INFO] [stderr]     Checking blake2 v0.8.1
[INFO] [stderr]     Checking sha2 v0.8.2
[INFO] [stderr]     Checking sha-1 v0.8.2
[INFO] [stderr]     Checking sha3 v0.8.2
[INFO] [stderr]     Checking hmac-drbg v0.2.0
[INFO] [stderr]    Compiling quote v1.0.7
[INFO] [stderr]     Checking iovec v0.1.4
[INFO] [stderr]     Checking num_cpus v1.13.0
[INFO] [stderr]     Checking parking_lot_core v0.7.2
[INFO] [stderr]     Checking atty v0.2.14
[INFO] [stderr]     Checking digest v0.9.0
[INFO] [stderr]     Checking block-buffer v0.9.0
[INFO] [stderr]    Compiling which v3.1.1
[INFO] [stderr]     Checking idna v0.2.0
[INFO] [stderr]     Checking bytes v0.4.12
[INFO] [stderr]    Compiling petgraph v0.5.1
[INFO] [stderr]     Checking rand_core v0.5.1
[INFO] [stderr]     Checking sha2 v0.9.1
[INFO] [stderr]    Compiling syn v1.0.40
[INFO] [stderr]     Checking parking_lot v0.10.2
[INFO] [stderr]     Checking rand_chacha v0.2.2
[INFO] [stderr]    Compiling prost-build v0.6.1
[INFO] [stderr]     Checking tokio-io v0.1.13
[INFO] [stderr]     Checking url v2.1.1
[INFO] [stderr]     Checking rand v0.7.3
[INFO] [stderr]     Checking multistream-select v0.7.0
[INFO] [stderr]     Checking regex v1.3.9
[INFO] [stderr]     Checking addr2line v0.13.0
[INFO] [stderr]     Checking parity-multihash v0.2.3
[INFO] [stderr]     Checking libsecp256k1 v0.3.5
[INFO] [stderr]    Compiling tempfile v3.1.0
[INFO] [stderr]     Checking backtrace v0.3.50
[INFO] [stderr]     Checking env_logger v0.7.1
[INFO] [stderr]    Compiling synstructure v0.12.4
[INFO] [stderr]    Compiling prost-derive v0.6.1
[INFO] [stderr]    Compiling futures-macro v0.3.5
[INFO] [stderr]    Compiling zeroize_derive v1.0.0
[INFO] [stderr]    Compiling thiserror-impl v1.0.20
[INFO] [stderr]    Compiling asn1_der_derive v0.1.2
[INFO] [stderr]     Checking asn1_der v0.6.3
[INFO] [stderr]     Checking failure v0.1.8
[INFO] [stderr]     Checking zeroize v1.1.0
[INFO] [stderr]     Checking exitfailure v0.5.1
[INFO] [stderr]     Checking curve25519-dalek v3.0.0
[INFO] [stderr]     Checking thiserror v1.0.20
[INFO] [stderr]     Checking pin-project v0.4.23
[INFO] [stderr]     Checking futures-util v0.3.5
[INFO] [stderr]    Compiling prost v0.6.1
[INFO] [stderr]    Compiling prost-types v0.6.1
[INFO] [stderr]    Compiling libp2p-core v0.16.0
[INFO] [stderr]     Checking futures-executor v0.3.5
[INFO] [stderr]     Checking futures v0.3.5
[INFO] [stderr]     Checking rw-stream-sink v0.2.1
[INFO] [stderr]     Checking parity-multiaddr v0.7.3
[INFO] [stderr]     Checking ed25519-dalek v1.0.0
[INFO] [stdout] error[E0599]: no method named `sign` found for struct `ed25519_dalek::Keypair` in the current scope
[INFO] [stdout]   --> /opt/rustwide/cargo-home/registry/src/github.com-1ecc6299db9ec823/libp2p-core-0.16.0/src/identity/ed25519.rs:55:16
[INFO] [stdout]    |
[INFO] [stdout] 55 |         self.0.sign(msg).to_bytes().to_vec()
[INFO] [stdout]    |                ^^^^ method not found in `ed25519_dalek::Keypair`
[INFO] [stdout]    |
[INFO] [stdout]    = help: items from traits can only be used if the trait is in scope
[INFO] [stdout]    = note: the following trait is implemented but not in scope; perhaps add a `use` for it:
[INFO] [stdout]            `use ed25519_dalek::Signer;`
[INFO] [stdout] 
[INFO] [stdout] 
[INFO] [stdout] error[E0599]: no function or associated item named `from_bytes` found for struct `ed25519_dalek::Signature` in the current scope
[INFO] [stdout]    --> /opt/rustwide/cargo-home/registry/src/github.com-1ecc6299db9ec823/libp2p-core-0.16.0/src/identity/ed25519.rs:110:29
[INFO] [stdout]     |
[INFO] [stdout] 110 |         ed25519::Signature::from_bytes(sig).and_then(|s| self.0.verify(msg, &s)).is_ok()
[INFO] [stdout]     |                             ^^^^^^^^^^
[INFO] [stdout]     |                             |
[INFO] [stdout]     |                             function or associated item not found in `ed25519_dalek::Signature`
[INFO] [stdout]     |                             help: there is an associated function with a similar name: `to_bytes`
[INFO] [stdout]     |
[INFO] [stdout]     = help: items from traits can only be used if the trait is in scope
[INFO] [stdout]     = note: the following trait is implemented but not in scope; perhaps add a `use` for it:
[INFO] [stdout]             `use ed25519_dalek::ed25519::signature::Signature;`
[INFO] [stdout] 
[INFO] [stdout] 
[INFO] [stdout] error[E0599]: no method named `verify` found for struct `ed25519_dalek::PublicKey` in the current scope
[INFO] [stdout]    --> /opt/rustwide/cargo-home/registry/src/github.com-1ecc6299db9ec823/libp2p-core-0.16.0/src/identity/ed25519.rs:110:65
[INFO] [stdout]     |
[INFO] [stdout] 110 |         ed25519::Signature::from_bytes(sig).and_then(|s| self.0.verify(msg, &s)).is_ok()
[INFO] [stdout]     |                                                                 ^^^^^^ method not found in `ed25519_dalek::PublicKey`
[INFO] [stdout]     |
[INFO] [stdout]     = help: items from traits can only be used if the trait is in scope
[INFO] [stdout]     = note: the following trait is implemented but not in scope; perhaps add a `use` for it:
[INFO] [stdout]             `use ed25519_dalek::Verifier;`
[INFO] [stdout] 
[INFO] [stdout] 
[INFO] [stdout] error: aborting due to 3 previous errors
[INFO] [stdout] 
[INFO] [stdout] 
[INFO] [stdout] For more information about this error, try `rustc --explain E0599`.
[INFO] [stdout] 
[INFO] [stderr] error: could not compile `libp2p-core`.
[INFO] [stderr] 
[INFO] [stderr] To learn more, run the command again with --verbose.
[INFO] running `Command { std: "docker" "inspect" "24d0f9d8629397cc99809767016ee0a189a597e2e02c49ce8c439a8f82922f31", kill_on_drop: false }`
[INFO] running `Command { std: "docker" "rm" "-f" "24d0f9d8629397cc99809767016ee0a189a597e2e02c49ce8c439a8f82922f31", kill_on_drop: false }`
[INFO] [stdout] 24d0f9d8629397cc99809767016ee0a189a597e2e02c49ce8c439a8f82922f31
